{"id":1825,"date":"2026-01-11T09:37:13","date_gmt":"2026-01-11T06:37:13","guid":{"rendered":"https:\/\/aytens.com\/magaza\/?post_type=product&#038;p=1825"},"modified":"2026-01-11T19:59:36","modified_gmt":"2026-01-11T16:59:36","slug":"do%c4%9fal-inci-set-g%c3%bcm%c3%bc%c5%9f-renk-paslanmaz-%c3%a7elik-istiridye-detayl%c4%b1-kolye-bileklik-ve-k%c3%bcpe-seti","status":"publish","type":"product","link":"https:\/\/aytens.com\/magaza\/urun\/do%c4%9fal-inci-set-g%c3%bcm%c3%bc%c5%9f-renk-paslanmaz-%c3%a7elik-istiridye-detayl%c4%b1-kolye-bileklik-ve-k%c3%bcpe-seti\/","title":{"rendered":"Do\u011fal inci set, g\u00fcm\u00fc\u015f renk paslanmaz \u00e7elik istiridye detayl\u0131, kolye bileklik ve k\u00fcpe seti"},"content":{"rendered":"<ul>\n<li>Do\u011fal \u0130nci set Kolye Bileklik K\u00fcpe Seti (Paslanmaz \u00e7elik zincir ve k\u00fcpe Aparat\u0131) Zarafet ve \u015e\u0131kl\u0131\u011f\u0131 Bir Araya Getiren E\u015fsiz Bir Set Do\u011fal incilerin b\u00fcy\u00fcleyici g\u00fczelli\u011fi ile paslanmaz \u00e7eli\u011fin modern dokunu\u015funun birle\u015fti\u011fi bu set, her tarza hitap eden zarif bir tasar\u0131ma sahip.<\/li>\n<li>Paslanmaz \u00e7elik ve \u00e7elik k\u00fcpe aparat\u0131 ile hem \u015f\u0131kl\u0131\u011f\u0131 hem de dayan\u0131kl\u0131l\u0131\u011f\u0131 bir arada sunuyor.<\/li>\n<li>\u00dcr\u00fcn \u00d6zellikleri:<\/li>\n<li>\u00d6l\u00e7\u00fcler: Kolye 40 cm + 5 cm paslanmaz \u00e7elik uzatma zinciri, bileklik 17 cm + 5 cm paslanmaz \u00e7elik uzatma zinciri, inci taneleri 8 mm<\/li>\n<li>Do\u011fal \u0130nciler: Her biri e\u015fsiz desenlere sahip, do\u011fal inciler, setin en dikkat \u00e7ekici \u00f6zelli\u011fi.<\/li>\n<li>Paslanmaz \u00c7elik : Hem \u015f\u0131k hem de g\u00fcvenli bir kullan\u0131m sa\u011flayan paslanmaz \u00e7elik, kolye ve bilekli\u011fe modern bir dokunu\u015f kat\u0131yor.<\/li>\n<li>Paslanmaz \u00c7elik K\u00fcpe Aparat\u0131: K\u00fcpelere \u015f\u0131kl\u0131k katan ve kolay kullan\u0131m sa\u011flayan \u00e7elik k\u00fcpe aparat\u0131.<\/li>\n<li>Paslanmaz \u00c7elik Zincirler: Paslanmaz \u00e7elikten \u00fcretilen zincirler, uzun \u00f6m\u00fcrl\u00fc kullan\u0131m ve parlakl\u0131k sunuyor.<\/li>\n<li>\u00dcr\u00fcn Avantajlar\u0131: Her Tarza Uygun: Hem g\u00fcnl\u00fck hayatta hem de \u00f6zel g\u00fcnlerde kullan\u0131labilecek \u00e7ok y\u00f6nl\u00fc bir tasar\u0131m.<\/li>\n<li>Dayan\u0131kl\u0131: Paslanmaz \u00e7elik ve do\u011fal incilerin birle\u015fimi, uzun \u00f6m\u00fcrl\u00fc bir kullan\u0131m sunuyor.<\/li>\n<li>\u015e\u0131k ve Zarif: Klasik ve modern tarz\u0131 bir arada sunan e\u015fsiz bir tasar\u0131m.<\/li>\n<li>Hediyelik: Sevdiklerinize \u00f6zel g\u00fcnlerde unutulmaz bir hediye.<\/li>\n<li>Kullan\u0131m Alanlar\u0131:<\/li>\n<li>G\u00fcnl\u00fck Kullan\u0131m: Kot pantolon ve ti\u015f\u00f6rt ile spor bir \u015f\u0131kl\u0131k yakalayabilece\u011finiz gibi, elbise ve topuklu ayakkab\u0131 ile daha sofistike bir g\u00f6r\u00fcn\u00fcm elde edebilirsiniz.;<\/li>\n<li>\u00d6zel G\u00fcnler: D\u00fc\u011f\u00fcn, ni\u015fan, mezuniyet gibi \u00f6zel g\u00fcnlerde k\u0131yafetlerinizi tamamlayacak m\u00fckemmel bir aksesuar olacakt\u0131r.;<\/li>\n<li>Hediyelik: Anneler g\u00fcn\u00fc, do\u011fum g\u00fcn\u00fc veya y\u0131ld\u00f6n\u00fcm\u00fc gibi \u00f6zel g\u00fcnlerde sevdiklerinizi mutlu etmek i\u00e7in ideal bir se\u00e7enektir.;<\/li>\n<li>Bu e\u015fsiz sete sahip olarak, \u015f\u0131kl\u0131\u011f\u0131n\u0131z\u0131 ve zarafetinizi \u00f6n plana \u00e7\u0131kar\u0131n.<\/li>\n<\/ul>\n","protected":false},"excerpt":{"rendered":"<p>Do\u011fal \u0130nci set Kolye Bileklik K\u00fcpe Seti (Paslanmaz \u00e7elik zincir ve k\u00fcpe Aparat\u0131) Zarafet ve \u015e\u0131kl\u0131\u011f\u0131 Bir Araya Getiren E\u015fsiz Bir Set Do\u011fal incilerin b\u00fcy\u00fcleyici g\u00fczelli\u011fi ile paslanmaz \u00e7eli\u011fin modern dokunu\u015funun birle\u015fti\u011fi bu set, her tarza hitap eden zarif bir tasar\u0131ma sahip. Paslanmaz \u00e7elik ve \u00e7elik k\u00fcpe aparat\u0131 ile hem \u015f\u0131kl\u0131\u011f\u0131 hem de dayan\u0131kl\u0131l\u0131\u011f\u0131 bir [&hellip;]<\/p>\n","protected":false},"featured_media":2297,"comment_status":"open","ping_status":"closed","template":"","meta":{"advanced_seo_description":"","jetpack_seo_html_title":"","jetpack_seo_noindex":false,"jetpack_publicize_message":"","jetpack_publicize_feature_enabled":true,"jetpack_social_post_already_shared":false,"jetpack_social_options":{"image_generator_settings":{"template":"highway","default_image_id":0,"font":"","enabled":false},"version":2}},"product_brand":[146],"product_cat":[29,23],"product_tag":[],"class_list":{"0":"post-1825","1":"product","2":"type-product","3":"status-publish","4":"has-post-thumbnail","6":"product_brand-aytens-taki","7":"product_cat-inci-set","8":"product_cat-taki-seti","10":"first","11":"instock","12":"taxable","13":"shipping-taxable","14":"purchasable","15":"product-type-simple"},"jetpack_publicize_connections":[],"jetpack_sharing_enabled":true,"_links":{"self":[{"href":"https:\/\/aytens.com\/magaza\/wp-json\/wp\/v2\/product\/1825","targetHints":{"allow":["GET"]}}],"collection":[{"href":"https:\/\/aytens.com\/magaza\/wp-json\/wp\/v2\/product"}],"about":[{"href":"https:\/\/aytens.com\/magaza\/wp-json\/wp\/v2\/types\/product"}],"replies":[{"embeddable":true,"href":"https:\/\/aytens.com\/magaza\/wp-json\/wp\/v2\/comments?post=1825"}],"wp:featuredmedia":[{"embeddable":true,"href":"https:\/\/aytens.com\/magaza\/wp-json\/wp\/v2\/media\/2297"}],"wp:attachment":[{"href":"https:\/\/aytens.com\/magaza\/wp-json\/wp\/v2\/media?parent=1825"}],"wp:term":[{"taxonomy":"product_brand","embeddable":true,"href":"https:\/\/aytens.com\/magaza\/wp-json\/wp\/v2\/product_brand?post=1825"},{"taxonomy":"product_cat","embeddable":true,"href":"https:\/\/aytens.com\/magaza\/wp-json\/wp\/v2\/product_cat?post=1825"},{"taxonomy":"product_tag","embeddable":true,"href":"https:\/\/aytens.com\/magaza\/wp-json\/wp\/v2\/product_tag?post=1825"}],"curies":[{"name":"wp","href":"https:\/\/api.w.org\/{rel}","templated":true}]}}