{"id":2485,"date":"2026-01-11T21:53:04","date_gmt":"2026-01-11T18:53:04","guid":{"rendered":"https:\/\/aytens.com\/magaza\/?post_type=product&#038;p=2485"},"modified":"2026-01-11T21:53:05","modified_gmt":"2026-01-11T18:53:05","slug":"dogal-inci-kolye-minimalist-zerafetin-incisi","status":"publish","type":"product","link":"https:\/\/aytens.com\/magaza\/urun\/dogal-inci-kolye-minimalist-zerafetin-incisi\/","title":{"rendered":"Do\u011fal inci kolye, minimalist zerafetin incisi"},"content":{"rendered":"<p>Minimalist Zarafetin \u0130ncisi: Do\u011fal \u0130nci KolyeSadelik ve zarafetin m\u00fckemmel birle\u015fimi! Bu narin kolye, \u0131\u015f\u0131lt\u0131l\u0131 \u00a0 do\u011fal inci taneleri\u00a0ile g\u00fcnl\u00fck \u015f\u0131kl\u0131\u011f\u0131n\u0131za sofistike bir dokunu\u015f katmak i\u00e7in tasarland\u0131. Her biri 3-4 mm boyutundaki inci taneleri, kolyeye hafif ve zarif bir g\u00f6r\u00fcn\u00fcm sunarken, do\u011fal parlakl\u0131klar\u0131yla g\u00f6z kama\u015ft\u0131r\u0131yor.45 cm uzunlu\u011fu\u00a0sayesinde bu kolye, boynunuzda ideal bir \u015fekilde konumlan\u0131r. Tek ba\u015f\u0131na kullan\u0131ld\u0131\u011f\u0131nda minimalist bir \u015f\u0131kl\u0131k yarat\u0131rken, di\u011fer kolyelerinizle katmanlayarak kendi \u00f6zg\u00fcn stilinizi olu\u015fturman\u0131za olanak tan\u0131r.Bu zarif inci kolye, her k\u0131yafetinizle kolayca uyum sa\u011flayacak zamans\u0131z bir par\u00e7ad\u0131r. \u0130ster g\u00fcnl\u00fck bir bluz, ister \u015f\u0131k bir elbise ile kombinleyin, her zaman zarafetinizi \u00f6n plana \u00e7\u0131karacakt\u0131r.Bu \u00f6zel kolye ile:Do\u011fal incinin saf ve zarif g\u00fczelli\u011fini boynunuzda ta\u015f\u0131y\u0131n.3-4 mm boyutundaki inci taneleriyle minimalist ve zarif bir g\u00f6r\u00fcn\u00fcm elde edin.45 cm uzunlu\u011fu sayesinde ideal bir kullan\u0131m deneyimi ya\u015fay\u0131n.Hem g\u00fcnl\u00fck kullan\u0131m hem de \u00f6zel anlar i\u00e7in m\u00fckemmel bir se\u00e7im yap\u0131n.Sevdiklerinize sade ama etkileyici bir hediye sunun.\u00dcr\u00fcn Detaylar\u0131:\u00a0 \u0130nci T\u00fcr\u00fc:\u00a0Do\u011fal \u0130nci\u00a0 \u0130nci Boyutu:\u00a03-4 mm (yakla\u015f\u0131k)\u00a0 Kolye Uzunlu\u011fu:\u00a045 cm+ 5 cm paslanmaz \u00e7elik uzatma zinciri\u00a0 Stil:\u00a0Sade, Zarif, MinimalistPaslanmaz \u00e7elik klips ve uzatma zinciri kullan\u0131lm\u0131\u015ft\u0131r.Temizli\u011finde kimyasal kullanmay\u0131n\u0131z, Hafif nemli bir bezle silebilirsiniz.\u00a0 Bu do\u011fal inci kolye, zamans\u0131z \u015f\u0131kl\u0131\u011f\u0131n ve inceli\u011fin simgesi. \u015eimdi sipari\u015f verin ve bu e\u015fsiz zarafeti kendi stilinize yans\u0131t\u0131n!\u00a0 KUTUSUZ olarak g\u00f6nderilir.<\/p>\n","protected":false},"excerpt":{"rendered":"<p>Minimalist Zarafetin \u0130ncisi: Do\u011fal \u0130nci KolyeSadelik ve zarafetin m\u00fckemmel birle\u015fimi! Bu narin kolye, \u0131\u015f\u0131lt\u0131l\u0131 \u00a0 do\u011fal inci taneleri\u00a0ile g\u00fcnl\u00fck \u015f\u0131kl\u0131\u011f\u0131n\u0131za sofistike bir dokunu\u015f katmak i\u00e7in tasarland\u0131. Her biri 3-4 mm boyutundaki inci taneleri, kolyeye hafif ve zarif bir g\u00f6r\u00fcn\u00fcm sunarken, do\u011fal parlakl\u0131klar\u0131yla g\u00f6z kama\u015ft\u0131r\u0131yor.45 cm uzunlu\u011fu\u00a0sayesinde bu kolye, boynunuzda ideal bir \u015fekilde konumlan\u0131r. Tek ba\u015f\u0131na [&hellip;]<\/p>\n","protected":false},"featured_media":2622,"comment_status":"open","ping_status":"closed","template":"","meta":{"advanced_seo_description":"","jetpack_seo_html_title":"","jetpack_seo_noindex":false,"jetpack_publicize_message":"","jetpack_publicize_feature_enabled":true,"jetpack_social_post_already_shared":false,"jetpack_social_options":{"image_generator_settings":{"template":"highway","default_image_id":0,"font":"","enabled":false},"version":2}},"product_brand":[146],"product_cat":[27,21],"product_tag":[],"class_list":{"0":"post-2485","1":"product","2":"type-product","3":"status-publish","4":"has-post-thumbnail","6":"product_brand-aytens-taki","7":"product_cat-inci-kolye","8":"product_cat-kolye","10":"first","11":"instock","12":"taxable","13":"shipping-taxable","14":"purchasable","15":"product-type-simple"},"jetpack_publicize_connections":[],"jetpack_sharing_enabled":true,"_links":{"self":[{"href":"https:\/\/aytens.com\/magaza\/wp-json\/wp\/v2\/product\/2485","targetHints":{"allow":["GET"]}}],"collection":[{"href":"https:\/\/aytens.com\/magaza\/wp-json\/wp\/v2\/product"}],"about":[{"href":"https:\/\/aytens.com\/magaza\/wp-json\/wp\/v2\/types\/product"}],"replies":[{"embeddable":true,"href":"https:\/\/aytens.com\/magaza\/wp-json\/wp\/v2\/comments?post=2485"}],"wp:featuredmedia":[{"embeddable":true,"href":"https:\/\/aytens.com\/magaza\/wp-json\/wp\/v2\/media\/2622"}],"wp:attachment":[{"href":"https:\/\/aytens.com\/magaza\/wp-json\/wp\/v2\/media?parent=2485"}],"wp:term":[{"taxonomy":"product_brand","embeddable":true,"href":"https:\/\/aytens.com\/magaza\/wp-json\/wp\/v2\/product_brand?post=2485"},{"taxonomy":"product_cat","embeddable":true,"href":"https:\/\/aytens.com\/magaza\/wp-json\/wp\/v2\/product_cat?post=2485"},{"taxonomy":"product_tag","embeddable":true,"href":"https:\/\/aytens.com\/magaza\/wp-json\/wp\/v2\/product_tag?post=2485"}],"curies":[{"name":"wp","href":"https:\/\/api.w.org\/{rel}","templated":true}]}}