{"id":2488,"date":"2026-01-14T19:13:15","date_gmt":"2026-01-14T16:13:15","guid":{"rendered":"https:\/\/aytens.com\/magaza\/?post_type=product&#038;p=2488"},"modified":"2026-01-14T19:13:15","modified_gmt":"2026-01-14T16:13:15","slug":"dogal-barok-siyah-inci-kupe","status":"publish","type":"product","link":"https:\/\/aytens.com\/magaza\/urun\/dogal-barok-siyah-inci-kupe\/","title":{"rendered":"Do\u011fal Barok Siyah \u0130nci K\u00fcpe"},"content":{"rendered":"<p>&#8211; Paslanmaz \u00e7elik malzemesi sayesinde uzun \u00f6m\u00fcrl\u00fc kullan\u0131m sunar.<\/p>\n<p>&#8211; Nemli bir bez ile kolayca temizlenebilir, b\u00f6ylece k\u00fcpenizin parlakl\u0131\u011f\u0131n\u0131 koruyabilirsiniz.<\/p>\n<p>&#8211; El eme\u011fi ile tatl\u0131 su incisi kullan\u0131larak tasarlanm\u0131\u015f, do\u011fal g\u00fczellikleriyle dikkat \u00e7eker.<\/p>\n<p>&#8211; Ger\u00e7ek inci ta\u015f\u0131, zarif ve sofistike bir g\u00f6r\u00fcn\u00fcm sa\u011flar.<\/p>\n<p>&#8211; DO\u011eAL \u0130NC\u0130 OLDU\u011eUNDAN DOLAYI \u0130NC\u0130 TANELER\u0130N\u0130N \u015eEK\u0130LLER\u0130 G\u00d6RSELDEN DE\u011e\u0130\u015e\u0130KL\u0130K G\u00d6STEREB\u0130L\u0130R.<\/p>\n","protected":false},"excerpt":{"rendered":"<p>&#8211; Paslanmaz \u00e7elik malzemesi sayesinde uzun \u00f6m\u00fcrl\u00fc kullan\u0131m sunar. &#8211; Nemli bir bez ile kolayca temizlenebilir, b\u00f6ylece k\u00fcpenizin parlakl\u0131\u011f\u0131n\u0131 koruyabilirsiniz. &#8211; El eme\u011fi ile tatl\u0131 su incisi kullan\u0131larak tasarlanm\u0131\u015f, do\u011fal g\u00fczellikleriyle dikkat \u00e7eker. &#8211; Ger\u00e7ek inci ta\u015f\u0131, zarif ve sofistike bir g\u00f6r\u00fcn\u00fcm sa\u011flar. &#8211; DO\u011eAL \u0130NC\u0130 OLDU\u011eUNDAN DOLAYI \u0130NC\u0130 TANELER\u0130N\u0130N \u015eEK\u0130LLER\u0130 G\u00d6RSELDEN DE\u011e\u0130\u015e\u0130KL\u0130K G\u00d6STEREB\u0130L\u0130R.<\/p>\n","protected":false},"featured_media":2807,"comment_status":"open","ping_status":"closed","template":"","meta":{"advanced_seo_description":"","jetpack_seo_html_title":"","jetpack_seo_noindex":false,"jetpack_publicize_message":"","jetpack_publicize_feature_enabled":true,"jetpack_social_post_already_shared":false,"jetpack_social_options":{"image_generator_settings":{"template":"highway","default_image_id":0,"font":"","enabled":false},"version":2}},"product_brand":[146],"product_cat":[33,24],"product_tag":[],"class_list":{"0":"post-2488","1":"product","2":"type-product","3":"status-publish","4":"has-post-thumbnail","6":"product_brand-aytens-taki","7":"product_cat-inci-kupe","8":"product_cat-kupe","10":"first","11":"instock","12":"taxable","13":"shipping-taxable","14":"purchasable","15":"product-type-simple"},"jetpack_publicize_connections":[],"jetpack_sharing_enabled":true,"_links":{"self":[{"href":"https:\/\/aytens.com\/magaza\/wp-json\/wp\/v2\/product\/2488","targetHints":{"allow":["GET"]}}],"collection":[{"href":"https:\/\/aytens.com\/magaza\/wp-json\/wp\/v2\/product"}],"about":[{"href":"https:\/\/aytens.com\/magaza\/wp-json\/wp\/v2\/types\/product"}],"replies":[{"embeddable":true,"href":"https:\/\/aytens.com\/magaza\/wp-json\/wp\/v2\/comments?post=2488"}],"wp:featuredmedia":[{"embeddable":true,"href":"https:\/\/aytens.com\/magaza\/wp-json\/wp\/v2\/media\/2807"}],"wp:attachment":[{"href":"https:\/\/aytens.com\/magaza\/wp-json\/wp\/v2\/media?parent=2488"}],"wp:term":[{"taxonomy":"product_brand","embeddable":true,"href":"https:\/\/aytens.com\/magaza\/wp-json\/wp\/v2\/product_brand?post=2488"},{"taxonomy":"product_cat","embeddable":true,"href":"https:\/\/aytens.com\/magaza\/wp-json\/wp\/v2\/product_cat?post=2488"},{"taxonomy":"product_tag","embeddable":true,"href":"https:\/\/aytens.com\/magaza\/wp-json\/wp\/v2\/product_tag?post=2488"}],"curies":[{"name":"wp","href":"https:\/\/api.w.org\/{rel}","templated":true}]}}