{"id":2502,"date":"2026-01-11T21:57:39","date_gmt":"2026-01-11T18:57:39","guid":{"rendered":"https:\/\/aytens.com\/magaza\/?post_type=product&#038;p=2502"},"modified":"2026-01-11T21:57:40","modified_gmt":"2026-01-11T18:57:40","slug":"barok-kultur-incisi-antrasit-taki-seti-paslanmaz-celik-detayli","status":"publish","type":"product","link":"https:\/\/aytens.com\/magaza\/urun\/barok-kultur-incisi-antrasit-taki-seti-paslanmaz-celik-detayli\/","title":{"rendered":"Barok K\u00fclt\u00fcr \u0130ncisi Antrasit Tak\u0131 Seti &#8211; Paslanmaz \u00c7elik Detayl\u0131"},"content":{"rendered":"<p>Barok K\u00fclt\u00fcr \u0130ncisi Antrasit Tak\u0131 Seti &#8211; Paslanmaz \u00c7elik Detayl\u0131Do\u011fan\u0131n e\u015fsiz sanat\u0131 barok inciler, modern ve asil bir tasar\u0131mda bulu\u015ftu. Metalik antrasit par\u0131lt\u0131s\u0131 ve her biri benzersiz formdaki k\u00fclt\u00fcr incileri ile haz\u0131rlanan bu 3\u2019l\u00fc set (Kolye, Bileklik, K\u00fcpe), stilinize sofistike bir dokunu\u015f katar.\u00dcr\u00fcn Teknik \u00d6zellikleriKolye: 45 cm uzunluk + 5 cm paslanmaz \u00e7elik uzatma zinciri ile ayarlanabilir form.Bileklik: 17 cm uzunluk + 5 cm paslanmaz \u00e7elik uzatma zinciri ile her bile\u011fe uygun.K\u00fcpe: Setin zarafetini tamamlayan, paslanmaz \u00e7elik aparatl\u0131 \u00f6zel tasar\u0131m k\u00fcpe.\u0130nci T\u00fcr\u00fc: Y\u00fcksek kaliteli ger\u00e7ek k\u00fclt\u00fcr incisi.Metal Aksam: Tamam\u0131 kararmaya, oksitlenmeye ve paslanmaya dayan\u0131kl\u0131 paslanmaz \u00e7elikten \u00fcretilmi\u015ftir.Neden Bu Seti Se\u00e7melisiniz?Dayan\u0131kl\u0131 ve Antialerjik: Paslanmaz \u00e7elik yap\u0131s\u0131 sayesinde g\u00fcnl\u00fck kullan\u0131mda kararma yapmaz ve cilde dosttur.Benzersiz Tasar\u0131m: Barok incilerin do\u011fal yap\u0131s\u0131 gere\u011fi her bir inci kendine has bir forma sahiptir; bu da setinizi size \u00f6zel k\u0131lar.\u015e\u0131k ve \u00c7ok Y\u00f6nl\u00fc: \u0130ster \u015f\u0131k bir ak\u015fam yeme\u011finde isterseniz g\u00fcnl\u00fck kombinlerinizde (trikolar, g\u00f6mlekler) rahatl\u0131kla kullanabilirsiniz.M\u00fckemmel Hediye: \u00d6zel g\u00fcnlerde sevdiklerinize sunabilece\u011finiz kal\u0131c\u0131 ve de\u011ferli bir hediye setidir.Kullan\u0131m \u00d6nerisi: \u0130ncilerinizin do\u011fal parlakl\u0131\u011f\u0131n\u0131 korumak i\u00e7in yo\u011fun kimyasal (parf\u00fcm, deterjan vb.) temas\u0131ndan ka\u00e7\u0131nman\u0131z \u00f6nerilir.<\/p>\n","protected":false},"excerpt":{"rendered":"<p>Barok K\u00fclt\u00fcr \u0130ncisi Antrasit Tak\u0131 Seti &#8211; Paslanmaz \u00c7elik Detayl\u0131Do\u011fan\u0131n e\u015fsiz sanat\u0131 barok inciler, modern ve asil bir tasar\u0131mda bulu\u015ftu. Metalik antrasit par\u0131lt\u0131s\u0131 ve her biri benzersiz formdaki k\u00fclt\u00fcr incileri ile haz\u0131rlanan bu 3\u2019l\u00fc set (Kolye, Bileklik, K\u00fcpe), stilinize sofistike bir dokunu\u015f katar.\u00dcr\u00fcn Teknik \u00d6zellikleriKolye: 45 cm uzunluk + 5 cm paslanmaz \u00e7elik uzatma zinciri [&hellip;]<\/p>\n","protected":false},"featured_media":2370,"comment_status":"open","ping_status":"closed","template":"","meta":{"advanced_seo_description":"","jetpack_seo_html_title":"","jetpack_seo_noindex":false,"jetpack_publicize_message":"","jetpack_publicize_feature_enabled":true,"jetpack_social_post_already_shared":false,"jetpack_social_options":{"image_generator_settings":{"template":"highway","default_image_id":0,"font":"","enabled":false},"version":2}},"product_brand":[146],"product_cat":[29,23],"product_tag":[],"class_list":{"0":"post-2502","1":"product","2":"type-product","3":"status-publish","4":"has-post-thumbnail","6":"product_brand-aytens-taki","7":"product_cat-inci-set","8":"product_cat-taki-seti","10":"first","11":"instock","12":"taxable","13":"shipping-taxable","14":"purchasable","15":"product-type-simple"},"jetpack_publicize_connections":[],"jetpack_sharing_enabled":true,"_links":{"self":[{"href":"https:\/\/aytens.com\/magaza\/wp-json\/wp\/v2\/product\/2502","targetHints":{"allow":["GET"]}}],"collection":[{"href":"https:\/\/aytens.com\/magaza\/wp-json\/wp\/v2\/product"}],"about":[{"href":"https:\/\/aytens.com\/magaza\/wp-json\/wp\/v2\/types\/product"}],"replies":[{"embeddable":true,"href":"https:\/\/aytens.com\/magaza\/wp-json\/wp\/v2\/comments?post=2502"}],"wp:featuredmedia":[{"embeddable":true,"href":"https:\/\/aytens.com\/magaza\/wp-json\/wp\/v2\/media\/2370"}],"wp:attachment":[{"href":"https:\/\/aytens.com\/magaza\/wp-json\/wp\/v2\/media?parent=2502"}],"wp:term":[{"taxonomy":"product_brand","embeddable":true,"href":"https:\/\/aytens.com\/magaza\/wp-json\/wp\/v2\/product_brand?post=2502"},{"taxonomy":"product_cat","embeddable":true,"href":"https:\/\/aytens.com\/magaza\/wp-json\/wp\/v2\/product_cat?post=2502"},{"taxonomy":"product_tag","embeddable":true,"href":"https:\/\/aytens.com\/magaza\/wp-json\/wp\/v2\/product_tag?post=2502"}],"curies":[{"name":"wp","href":"https:\/\/api.w.org\/{rel}","templated":true}]}}