{"id":2543,"date":"2026-01-24T11:35:10","date_gmt":"2026-01-24T08:35:10","guid":{"rendered":"https:\/\/aytens.com\/magaza\/?post_type=product&#038;p=2543"},"modified":"2026-01-24T11:35:10","modified_gmt":"2026-01-24T08:35:10","slug":"martenicka-dilek-sans-bilekligi-nazar-boncuklu","status":"publish","type":"product","link":"https:\/\/aytens.com\/magaza\/urun\/martenicka-dilek-sans-bilekligi-nazar-boncuklu\/","title":{"rendered":"Marteni\u00e7ka dilek \u015fans bilekli\u011fi nazar boncuklu"},"content":{"rendered":"<p data-path-to-node=\"7\"><b data-path-to-node=\"7\" data-index-in-node=\"0\">Bahar\u0131n M\u00fcjdecisi, Dileklerinizin Sembol\u00fc: Aytens Tak\u0131 Marteni\u00e7ka<\/b><\/p>\n<p data-path-to-node=\"8\">Geleneksel Marteni\u00e7ka ruhunu, nazar boncu\u011funun koruyucu enerjisiyle birle\u015ftirdik. Sevdikleriniz ve kendiniz i\u00e7in harika bir bahar hediyesi olan bu el yap\u0131m\u0131 bileklik, \u00f6zel tasar\u0131m kraft kart\u0131 ve hikayesiyle birlikte g\u00f6nderilmektedir.<\/p>\n<p data-path-to-node=\"9\">Mart ay\u0131n\u0131n geli\u015fini kutlamak, sa\u011fl\u0131k, huzur ve bereket dileklerinde bulunmak i\u00e7in bile\u011finize tak\u0131n; bahar\u0131n o tatl\u0131 esintisini her an yan\u0131n\u0131zda hissedin!<\/p>\n<p data-path-to-node=\"10\"><b data-path-to-node=\"10\" data-index-in-node=\"0\">Marteni\u00e7ka Gelene\u011fi Nedir?<\/b> Marteni\u00e7ka, Balkan co\u011frafyas\u0131ndan yay\u0131lan eski bir bahar gelene\u011fidir. K\u0131rm\u0131z\u0131 ve beyaz iplerle \u00f6r\u00fclen bu bileklikler, Mart ay\u0131n\u0131n ba\u015f\u0131nda bile\u011fe tak\u0131l\u0131r ve bir dilek tutulur. \u0130nan\u0131\u015fa g\u00f6re; g\u00f6ky\u00fcz\u00fcnde ilk leylek veya k\u0131rlang\u0131\u00e7 g\u00f6r\u00fcld\u00fc\u011f\u00fcnde bileklik \u00e7\u0131kar\u0131l\u0131r ve dile\u011fin ger\u00e7ekle\u015fmesi umuduyla \u00e7i\u00e7ek a\u00e7m\u0131\u015f bir meyve a\u011fac\u0131na veya bahar dal\u0131na ba\u011flan\u0131r.<\/p>\n<p data-path-to-node=\"11\"><b data-path-to-node=\"11\" data-index-in-node=\"0\">\u00dcr\u00fcn \u00d6zellikleri:<\/b><\/p>\n<ul data-path-to-node=\"12\">\n<li>\n<p data-path-to-node=\"12,0,0\"><b data-path-to-node=\"12,0,0\" data-index-in-node=\"0\">Marka:<\/b> Aytens Tak\u0131<\/p>\n<\/li>\n<li>\n<p data-path-to-node=\"12,1,0\"><b data-path-to-node=\"12,1,0\" data-index-in-node=\"0\">Tasar\u0131m:<\/b> Geleneksel k\u0131rm\u0131z\u0131-beyaz \u00f6rg\u00fc ip \u00fczerine mavi nazar boncu\u011fu detayl\u0131.<\/p>\n<\/li>\n<li>\n<p data-path-to-node=\"12,2,0\"><b data-path-to-node=\"12,2,0\" data-index-in-node=\"0\">Malzeme:<\/b> Dayan\u0131kl\u0131 iplik ve boncuk.<\/p>\n<\/li>\n<li>\n<p data-path-to-node=\"12,3,0\"><b data-path-to-node=\"12,3,0\" data-index-in-node=\"0\">Boyut:<\/b> Standart boyuttad\u0131r, bile\u011fe ba\u011flanarak ayarlanabilir (Unisex kullan\u0131ma uygundur).<\/p>\n<\/li>\n<li>\n<p data-path-to-node=\"12,4,0\"><b data-path-to-node=\"12,4,0\" data-index-in-node=\"0\">Paket \u0130\u00e7eri\u011fi:<\/b> 1 adet Marteni\u00e7ka bileklik ve \u00fczerinde kullan\u0131m rit\u00fcelinin yazd\u0131\u011f\u0131 \u00f6zel tasar\u0131m kraft kart\u0131.<\/p>\n<\/li>\n<li>\n<p data-path-to-node=\"12,5,0\"><b data-path-to-node=\"12,5,0\" data-index-in-node=\"0\">Kullan\u0131m:<\/b> Mart ay\u0131 boyunca bilekte ta\u015f\u0131n\u0131r.<\/p>\n<\/li>\n<\/ul>\n<p data-path-to-node=\"14\"><b data-path-to-node=\"14\" data-index-in-node=\"0\">Neden Bu \u00dcr\u00fcn\u00fc Tercih Etmelisiniz?<\/b><\/p>\n<ul data-path-to-node=\"15\">\n<li>\n<p data-path-to-node=\"15,0,0\">Tamamen el yap\u0131m\u0131d\u0131r.<\/p>\n<\/li>\n<li>\n<p data-path-to-node=\"15,1,0\">Sevdiklerinize anlaml\u0131 ve hikayesi olan bir hediye vermek i\u00e7in idealdir.<\/p>\n<\/li>\n<li>\n<p data-path-to-node=\"15,2,0\">Paketlemesi sayesinde hediye etmeye haz\u0131rd\u0131r.<\/p>\n<\/li>\n<\/ul>\n","protected":false},"excerpt":{"rendered":"<p>Bahar\u0131n M\u00fcjdecisi, Dileklerinizin Sembol\u00fc: Aytens Tak\u0131 Marteni\u00e7ka Geleneksel Marteni\u00e7ka ruhunu, nazar boncu\u011funun koruyucu enerjisiyle birle\u015ftirdik. Sevdikleriniz ve kendiniz i\u00e7in harika bir bahar hediyesi olan bu el yap\u0131m\u0131 bileklik, \u00f6zel tasar\u0131m kraft kart\u0131 ve hikayesiyle birlikte g\u00f6nderilmektedir. Mart ay\u0131n\u0131n geli\u015fini kutlamak, sa\u011fl\u0131k, huzur ve bereket dileklerinde bulunmak i\u00e7in bile\u011finize tak\u0131n; bahar\u0131n o tatl\u0131 esintisini her an [&hellip;]<\/p>\n","protected":false},"featured_media":2958,"comment_status":"open","ping_status":"closed","template":"","meta":{"advanced_seo_description":"","jetpack_seo_html_title":"","jetpack_seo_noindex":false,"jetpack_publicize_message":"","jetpack_publicize_feature_enabled":true,"jetpack_social_post_already_shared":false,"jetpack_social_options":{"image_generator_settings":{"template":"highway","default_image_id":0,"font":"","enabled":false},"version":2}},"product_brand":[146],"product_cat":[22],"product_tag":[],"class_list":{"0":"post-2543","1":"product","2":"type-product","3":"status-publish","4":"has-post-thumbnail","6":"product_brand-aytens-taki","7":"product_cat-bileklik","9":"first","10":"instock","11":"taxable","12":"shipping-taxable","13":"purchasable","14":"product-type-simple"},"jetpack_publicize_connections":[],"jetpack_sharing_enabled":true,"_links":{"self":[{"href":"https:\/\/aytens.com\/magaza\/wp-json\/wp\/v2\/product\/2543","targetHints":{"allow":["GET"]}}],"collection":[{"href":"https:\/\/aytens.com\/magaza\/wp-json\/wp\/v2\/product"}],"about":[{"href":"https:\/\/aytens.com\/magaza\/wp-json\/wp\/v2\/types\/product"}],"replies":[{"embeddable":true,"href":"https:\/\/aytens.com\/magaza\/wp-json\/wp\/v2\/comments?post=2543"}],"wp:featuredmedia":[{"embeddable":true,"href":"https:\/\/aytens.com\/magaza\/wp-json\/wp\/v2\/media\/2958"}],"wp:attachment":[{"href":"https:\/\/aytens.com\/magaza\/wp-json\/wp\/v2\/media?parent=2543"}],"wp:term":[{"taxonomy":"product_brand","embeddable":true,"href":"https:\/\/aytens.com\/magaza\/wp-json\/wp\/v2\/product_brand?post=2543"},{"taxonomy":"product_cat","embeddable":true,"href":"https:\/\/aytens.com\/magaza\/wp-json\/wp\/v2\/product_cat?post=2543"},{"taxonomy":"product_tag","embeddable":true,"href":"https:\/\/aytens.com\/magaza\/wp-json\/wp\/v2\/product_tag?post=2543"}],"curies":[{"name":"wp","href":"https:\/\/api.w.org\/{rel}","templated":true}]}}

Marteniçka dilek şans bilekliği nazar boncuklu

<p data-path-to-node="7"><b data-path-to-node="7" data-index-in-node="0">Baharın Müjdecisi, Dileklerinizin Sembolü: Aytens Takı Marteniçka</b></p>
<p data-path-to-node="8">Geleneksel Marteniçka ruhunu, nazar boncuğunun koruyucu enerjisiyle birleştirdik. Sevdikleriniz ve kendiniz için harika bir bahar hediyesi olan bu el yapımı bileklik, özel tasarım kraft kartı ve hikayesiyle birlikte gönderilmektedir.</p>
<p data-path-to-node="9">Mart ayının gelişini kutlamak, sağlık, huzur ve bereket dileklerinde bulunmak için bileğinize takın; baharın o tatlı esintisini her an yanınızda hissedin!</p>
<p data-path-to-node="10"><b data-path-to-node="10" data-index-in-node="0">Marteniçka Geleneği Nedir?</b> Marteniçka, Balkan coğrafyasından yayılan eski bir bahar geleneğidir. Kırmızı ve beyaz iplerle örülen bu bileklikler, Mart ayının başında bileğe takılır ve bir dilek tutulur. İnanışa göre; gökyüzünde ilk leylek veya kırlangıç görüldüğünde bileklik çıkarılır ve dileğin gerçekleşmesi umuduyla çiçek açmış bir meyve ağacına veya bahar dalına bağlanır.</p>
<p data-path-to-node="11"><b data-path-to-node="11" data-index-in-node="0">Ürün Özellikleri:</b></p>
<ul data-path-to-node="12">
<li>
<p data-path-to-node="12,0,0"><b data-path-to-node="12,0,0" data-index-in-node="0">Marka:</b> Aytens Takı</p>
</li>
<li>
<p data-path-to-node="12,1,0"><b data-path-to-node="12,1,0" data-index-in-node="0">Tasarım:</b> Geleneksel kırmızı-beyaz örgü ip üzerine mavi nazar boncuğu detaylı.</p>
</li>
<li>
<p data-path-to-node="12,2,0"><b data-path-to-node="12,2,0" data-index-in-node="0">Malzeme:</b> Dayanıklı iplik ve boncuk.</p>
</li>
<li>
<p data-path-to-node="12,3,0"><b data-path-to-node="12,3,0" data-index-in-node="0">Boyut:</b> Standart boyuttadır, bileğe bağlanarak ayarlanabilir (Unisex kullanıma uygundur).</p>
</li>
<li>
<p data-path-to-node="12,4,0"><b data-path-to-node="12,4,0" data-index-in-node="0">Paket İçeriği:</b> 1 adet Marteniçka bileklik ve üzerinde kullanım ritüelinin yazdığı özel tasarım kraft kartı.</p>
</li>
<li>
<p data-path-to-node="12,5,0"><b data-path-to-node="12,5,0" data-index-in-node="0">Kullanım:</b> Mart ayı boyunca bilekte taşınır.</p>
</li>
</ul>
<p data-path-to-node="14"><b data-path-to-node="14" data-index-in-node="0">Neden Bu Ürünü Tercih Etmelisiniz?</b></p>
<ul data-path-to-node="15">
<li>
<p data-path-to-node="15,0,0">Tamamen el yapımıdır.</p>
</li>
<li>
<p data-path-to-node="15,1,0">Sevdiklerinize anlamlı ve hikayesi olan bir hediye vermek için idealdir.</p>
</li>
<li>
<p data-path-to-node="15,2,0">Paketlemesi sayesinde hediye etmeye hazırdır.</p>
</li>
</ul>

<p>Baharın Müjdecisi, Dileklerinizin Sembolü: Aytens Takı Marteniçka Geleneksel Marteniçka ruhunu, nazar boncuğunun koruyucu enerjisiyle birleştirdik. Sevdikleriniz ve kendiniz için harika bir bahar hediyesi olan bu el yapımı bileklik, özel tasarım kraft kartı ve hikayesiyle birlikte gönderilmektedir. Mart ayının gelişini kutlamak, sağlık, huzur ve bereket dileklerinde bulunmak için bileğinize takın; baharın o tatlı esintisini her an [&hellip;]</p>
