{"id":2563,"date":"2026-01-15T14:44:13","date_gmt":"2026-01-15T11:44:13","guid":{"rendered":"https:\/\/aytens.com\/magaza\/?post_type=product&#038;p=2563"},"modified":"2026-01-15T14:44:14","modified_gmt":"2026-01-15T11:44:14","slug":"barok-inci-kolye-altin-top-detayli","status":"publish","type":"product","link":"https:\/\/aytens.com\/magaza\/urun\/barok-inci-kolye-altin-top-detayli\/","title":{"rendered":"Barok inci kolye alt\u0131n top detayl\u0131"},"content":{"rendered":"<p>Kaliteli Boncuk Barok \u0130nci KolyeZarafetin ve \u015e\u0131kl\u0131\u011f\u0131n \u0130ncisi:Bu zarif boncuk inci kolye ile her an\u0131n\u0131za sofistike bir dokunu\u015f kat\u0131n. Ger\u00e7ek inci g\u00f6r\u00fcn\u00fcm\u00fcne sahip olan bu kolye, uygun fiyat\u0131yla da dikkat \u00e7ekiyor. \u0130ster g\u00fcnl\u00fck kullan\u0131mda, ister \u00f6zel davetlerde, her kombininize m\u00fckemmel bir uyum sa\u011flayacak.\u00dcr\u00fcn \u00d6zellikleri:\u00a0Malzeme:Y\u00fcksek kaliteli, dayan\u0131kl\u0131 boncuk inciler\u00a0Tasar\u0131m:Klasik ve zamans\u0131z inci kolye tasar\u0131m\u0131\u00a0Boncuk \u00f6l\u00e7\u00fcs\u00fc :\u00a06- 10 mm\u00a0Uzunluk:\u00a040 cm. Ayarlanabilir zincir, farkl\u0131 boyun \u00f6l\u00e7\u00fclerine uyum sa\u011flar\u00a0Renk:Parlak beyaz inci rengi\u00a0Kullan\u0131m:G\u00fcnl\u00fck kullan\u0131m, \u00f6zel davetler, hediye se\u00e7ene\u011fiNeden Bu Kolyeyi Se\u00e7melisiniz?\u00a0Uygun Fiyat:Ger\u00e7ek inci g\u00f6r\u00fcn\u00fcm\u00fcne uygun fiyatla sahip olun.\u00a0Hafif ve Rahat:G\u00fcn boyu rahatl\u0131kla kullanabilirsiniz.\u00a0\u00c7e\u015fitli Kombinler:Her tarz k\u0131yafetle kolayca kombinleyebilirsiniz.\u00a0Hediye Se\u00e7ene\u011fi:Sevdiklerinize zarif ve anlaml\u0131 bir hediye alternatifi.Bak\u0131m Talimatlar\u0131:Kolyenizin parlakl\u0131\u011f\u0131n\u0131 korumak i\u00e7in parf\u00fcm, krem ve di\u011fer kimyasallardan uzak tutun.Kullanmad\u0131\u011f\u0131n\u0131z zamanlarda yumu\u015fak bir bezle silerek saklay\u0131n.Hemen Sipari\u015f Verin ve Zarafetinizi Tamamlay\u0131n!<\/p>\n","protected":false},"excerpt":{"rendered":"<p>Kaliteli Boncuk Barok \u0130nci KolyeZarafetin ve \u015e\u0131kl\u0131\u011f\u0131n \u0130ncisi:Bu zarif boncuk inci kolye ile her an\u0131n\u0131za sofistike bir dokunu\u015f kat\u0131n. Ger\u00e7ek inci g\u00f6r\u00fcn\u00fcm\u00fcne sahip olan bu kolye, uygun fiyat\u0131yla da dikkat \u00e7ekiyor. \u0130ster g\u00fcnl\u00fck kullan\u0131mda, ister \u00f6zel davetlerde, her kombininize m\u00fckemmel bir uyum sa\u011flayacak.\u00dcr\u00fcn \u00d6zellikleri:\u00a0Malzeme:Y\u00fcksek kaliteli, dayan\u0131kl\u0131 boncuk inciler\u00a0Tasar\u0131m:Klasik ve zamans\u0131z inci kolye tasar\u0131m\u0131\u00a0Boncuk \u00f6l\u00e7\u00fcs\u00fc :\u00a06- [&hellip;]<\/p>\n","protected":false},"featured_media":2902,"comment_status":"open","ping_status":"closed","template":"","meta":{"advanced_seo_description":"","jetpack_seo_html_title":"","jetpack_seo_noindex":false,"jetpack_publicize_message":"","jetpack_publicize_feature_enabled":true,"jetpack_social_post_already_shared":false,"jetpack_social_options":{"image_generator_settings":{"template":"highway","default_image_id":0,"font":"","enabled":false},"version":2}},"product_brand":[159],"product_cat":[150,21],"product_tag":[],"class_list":{"0":"post-2563","1":"product","2":"type-product","3":"status-publish","4":"has-post-thumbnail","6":"product_brand-aytens","7":"product_cat-bijuteri-kolye","8":"product_cat-kolye","10":"first","11":"instock","12":"taxable","13":"shipping-taxable","14":"purchasable","15":"product-type-simple"},"jetpack_publicize_connections":[],"jetpack_sharing_enabled":true,"_links":{"self":[{"href":"https:\/\/aytens.com\/magaza\/wp-json\/wp\/v2\/product\/2563","targetHints":{"allow":["GET"]}}],"collection":[{"href":"https:\/\/aytens.com\/magaza\/wp-json\/wp\/v2\/product"}],"about":[{"href":"https:\/\/aytens.com\/magaza\/wp-json\/wp\/v2\/types\/product"}],"replies":[{"embeddable":true,"href":"https:\/\/aytens.com\/magaza\/wp-json\/wp\/v2\/comments?post=2563"}],"wp:featuredmedia":[{"embeddable":true,"href":"https:\/\/aytens.com\/magaza\/wp-json\/wp\/v2\/media\/2902"}],"wp:attachment":[{"href":"https:\/\/aytens.com\/magaza\/wp-json\/wp\/v2\/media?parent=2563"}],"wp:term":[{"taxonomy":"product_brand","embeddable":true,"href":"https:\/\/aytens.com\/magaza\/wp-json\/wp\/v2\/product_brand?post=2563"},{"taxonomy":"product_cat","embeddable":true,"href":"https:\/\/aytens.com\/magaza\/wp-json\/wp\/v2\/product_cat?post=2563"},{"taxonomy":"product_tag","embeddable":true,"href":"https:\/\/aytens.com\/magaza\/wp-json\/wp\/v2\/product_tag?post=2563"}],"curies":[{"name":"wp","href":"https:\/\/api.w.org\/{rel}","templated":true}]}}