{"id":2596,"date":"2026-01-11T15:49:59","date_gmt":"2026-01-11T12:49:59","guid":{"rendered":"https:\/\/aytens.com\/magaza\/?post_type=product&#038;p=2596"},"modified":"2026-01-11T15:56:09","modified_gmt":"2026-01-11T12:56:09","slug":"dogal-inci-kolye-bileklik-set-hematit-tas-detayli","status":"publish","type":"product","link":"https:\/\/aytens.com\/magaza\/urun\/dogal-inci-kolye-bileklik-set-hematit-tas-detayli\/","title":{"rendered":"Do\u011fal Inci Kolye Bileklik Set Hematit Ta\u015f Detayl\u0131"},"content":{"rendered":"<ul>\n<li>Kolye Uzunlu\u011fu: 40 cm + 5 cm paslanmaz \u00e7elik uzatma zinciri<\/li>\n<li>Bileklik Uzunlu\u011fu: 18 cm + 5 cm paslanmaz \u00e7elik uzatma zinciri<\/li>\n<li>Malzeme: Tatl\u0131 su incisi ortalama 7-8 mm \u00e7ap\u0131nda, hematit ta\u015f, paslanmaz \u00e7elik<\/li>\n<li>\u0130\u015f\u00e7ilik: El yap\u0131m\u0131<\/li>\n<\/ul>\n","protected":false},"excerpt":{"rendered":"<p>Kolye Uzunlu\u011fu: 40 cm + 5 cm paslanmaz \u00e7elik uzatma zinciri Bileklik Uzunlu\u011fu: 18 cm + 5 cm paslanmaz \u00e7elik uzatma zinciri Malzeme: Tatl\u0131 su incisi ortalama 7-8 mm \u00e7ap\u0131nda, hematit ta\u015f, paslanmaz \u00e7elik \u0130\u015f\u00e7ilik: El yap\u0131m\u0131<\/p>\n","protected":false},"featured_media":2352,"comment_status":"open","ping_status":"closed","template":"","meta":{"advanced_seo_description":"","jetpack_seo_html_title":"","jetpack_seo_noindex":false,"jetpack_publicize_message":"","jetpack_publicize_feature_enabled":true,"jetpack_social_post_already_shared":false,"jetpack_social_options":{"image_generator_settings":{"template":"highway","default_image_id":0,"font":"","enabled":false},"version":2}},"product_brand":[146],"product_cat":[29,23],"product_tag":[40,41],"class_list":{"0":"post-2596","1":"product","2":"type-product","3":"status-publish","4":"has-post-thumbnail","6":"product_brand-aytens-taki","7":"product_cat-inci-set","8":"product_cat-taki-seti","9":"product_tag-dogal-inci","10":"product_tag-inci-set","12":"first","13":"instock","14":"taxable","15":"shipping-taxable","16":"purchasable","17":"product-type-simple"},"jetpack_publicize_connections":[],"jetpack_sharing_enabled":true,"_links":{"self":[{"href":"https:\/\/aytens.com\/magaza\/wp-json\/wp\/v2\/product\/2596","targetHints":{"allow":["GET"]}}],"collection":[{"href":"https:\/\/aytens.com\/magaza\/wp-json\/wp\/v2\/product"}],"about":[{"href":"https:\/\/aytens.com\/magaza\/wp-json\/wp\/v2\/types\/product"}],"replies":[{"embeddable":true,"href":"https:\/\/aytens.com\/magaza\/wp-json\/wp\/v2\/comments?post=2596"}],"wp:featuredmedia":[{"embeddable":true,"href":"https:\/\/aytens.com\/magaza\/wp-json\/wp\/v2\/media\/2352"}],"wp:attachment":[{"href":"https:\/\/aytens.com\/magaza\/wp-json\/wp\/v2\/media?parent=2596"}],"wp:term":[{"taxonomy":"product_brand","embeddable":true,"href":"https:\/\/aytens.com\/magaza\/wp-json\/wp\/v2\/product_brand?post=2596"},{"taxonomy":"product_cat","embeddable":true,"href":"https:\/\/aytens.com\/magaza\/wp-json\/wp\/v2\/product_cat?post=2596"},{"taxonomy":"product_tag","embeddable":true,"href":"https:\/\/aytens.com\/magaza\/wp-json\/wp\/v2\/product_tag?post=2596"}],"curies":[{"name":"wp","href":"https:\/\/api.w.org\/{rel}","templated":true}]}}